{"id":1445,"date":"2022-10-25T23:34:49","date_gmt":"2022-10-26T02:34:49","guid":{"rendered":"https:\/\/www.cemeru.com.br\/novosite\/?page_id=1445"},"modified":"2025-02-12T18:37:28","modified_gmt":"2025-02-12T21:37:28","slug":"programa-de-qualificacao","status":"publish","type":"page","link":"https:\/\/www.cemeru.com.br\/novosite\/documentos\/programa-de-qualificacao\/","title":{"rendered":"Programa de Qualifica\u00e7\u00e3o"},"content":{"rendered":"\t\t<div data-elementor-type=\"wp-page\" data-elementor-id=\"1445\" class=\"elementor elementor-1445\" data-elementor-settings=\"{&quot;ha_cmc_init_switcher&quot;:&quot;no&quot;}\" data-elementor-post-type=\"page\">\n\t\t\t\t\t\t<section class=\"elementor-section elementor-top-section elementor-element elementor-element-5e9e3808 elementor-section-boxed elementor-section-height-default elementor-section-height-default\" data-id=\"5e9e3808\" data-element_type=\"section\" data-settings=\"{&quot;background_background&quot;:&quot;classic&quot;,&quot;_ha_eqh_enable&quot;:false}\">\n\t\t\t\t\t\t<div class=\"elementor-container elementor-column-gap-default\">\n\t\t\t\t\t<div class=\"elementor-column elementor-col-100 elementor-top-column elementor-element elementor-element-49dcba61\" data-id=\"49dcba61\" data-element_type=\"column\">\n\t\t\t<div class=\"elementor-widget-wrap elementor-element-populated\">\n\t\t\t\t\t\t\t<\/div>\n\t\t<\/div>\n\t\t\t\t\t<\/div>\n\t\t<\/section>\n\t\t\t\t<section class=\"elementor-section elementor-top-section elementor-element elementor-element-a52f54a elementor-section-boxed elementor-section-height-default elementor-section-height-default\" data-id=\"a52f54a\" data-element_type=\"section\" data-settings=\"{&quot;_ha_eqh_enable&quot;:false}\">\n\t\t\t\t\t\t<div class=\"elementor-container elementor-column-gap-default\">\n\t\t\t\t\t<div class=\"elementor-column elementor-col-100 elementor-top-column elementor-element elementor-element-965e337\" data-id=\"965e337\" data-element_type=\"column\">\n\t\t\t<div class=\"elementor-widget-wrap elementor-element-populated\">\n\t\t\t\t\t\t<div class=\"elementor-element elementor-element-04ee618 elementor-widget elementor-widget-text-editor\" data-id=\"04ee618\" data-element_type=\"widget\" data-widget_type=\"text-editor.default\">\n\t\t\t\t<div class=\"elementor-widget-container\">\n\t\t\t\t\t\t\t<h2><strong>IDSS<\/strong><\/h2>\nO Programa de Qualifica\u00e7\u00e3o de Operadoras (PQO) \u00e9 uma inciativa desenvolvida pela Ag\u00eancia Nacional de Sa\u00fade Suplementar (ANS) para avali\u00e7\u00e3o anual do desempenho das operadoras de planos de sa\u00fade. Tem como objetivos o est\u00edmulo da qualidade setorial e a redu\u00e7\u00e3o da assimetria de informa\u00e7\u00e3o, promovendo maior poder de escolha para o benefici\u00e1rio e oferecendo subs\u00eddios para a melhoria da gest\u00e3o das operadoras e das a\u00e7\u00f5es regulat\u00f3rias da ANS.\t\t\t\t\t\t<\/div>\n\t\t\t\t<\/div>\n\t\t\t\t\t<\/div>\n\t\t<\/div>\n\t\t\t\t\t<\/div>\n\t\t<\/section>\n\t\t\t\t<section class=\"elementor-section elementor-top-section elementor-element elementor-element-4a45414 elementor-section-boxed elementor-section-height-default elementor-section-height-default\" data-id=\"4a45414\" data-element_type=\"section\" data-settings=\"{&quot;background_background&quot;:&quot;classic&quot;,&quot;_ha_eqh_enable&quot;:false}\">\n\t\t\t\t\t\t<div class=\"elementor-container elementor-column-gap-default\">\n\t\t\t\t\t<div class=\"elementor-column elementor-col-100 elementor-top-column elementor-element elementor-element-1a46377\" data-id=\"1a46377\" data-element_type=\"column\">\n\t\t\t<div class=\"elementor-widget-wrap elementor-element-populated\">\n\t\t\t\t\t\t<section class=\"elementor-section elementor-inner-section elementor-element elementor-element-9091aa6 elementor-section-boxed elementor-section-height-default elementor-section-height-default\" data-id=\"9091aa6\" data-element_type=\"section\" data-settings=\"{&quot;_ha_eqh_enable&quot;:false}\">\n\t\t\t\t\t\t<div class=\"elementor-container elementor-column-gap-no\">\n\t\t\t\t\t<div data-ha-element-link=\"{&quot;url&quot;:&quot;https:\\\/\\\/www.cemeru.com.br\\\/novosite\\\/documentos\\\/programa-de-qualificacao\\\/idss-2024-ano-base-2023\\\/&quot;,&quot;is_external&quot;:&quot;&quot;,&quot;nofollow&quot;:&quot;&quot;}\" style=\"cursor: pointer\" class=\"elementor-column elementor-col-33 elementor-inner-column elementor-element elementor-element-c2b6a48\" data-id=\"c2b6a48\" data-element_type=\"column\" data-settings=\"{&quot;background_background&quot;:&quot;classic&quot;}\">\n\t\t\t<div class=\"elementor-widget-wrap elementor-element-populated\">\n\t\t\t\t\t\t<div class=\"elementor-element elementor-element-12ed490 elementor-widget elementor-widget-image\" data-id=\"12ed490\" data-element_type=\"widget\" data-widget_type=\"image.default\">\n\t\t\t\t<div class=\"elementor-widget-container\">\n\t\t\t\t\t\t\t\t\t\t\t\t\t<img fetchpriority=\"high\" decoding=\"async\" width=\"600\" height=\"200\" src=\"https:\/\/www.cemeru.com.br\/novosite\/wp-content\/uploads\/2025\/02\/IDSS2024.jpg\" class=\"attachment-large size-large wp-image-3966\" alt=\"\" srcset=\"https:\/\/www.cemeru.com.br\/novosite\/wp-content\/uploads\/2025\/02\/IDSS2024.jpg 600w, https:\/\/www.cemeru.com.br\/novosite\/wp-content\/uploads\/2025\/02\/IDSS2024-300x100.jpg 300w\" sizes=\"(max-width: 600px) 100vw, 600px\" \/>\t\t\t\t\t\t\t\t\t\t\t\t\t<\/div>\n\t\t\t\t<\/div>\n\t\t\t\t<div class=\"elementor-element elementor-element-6497056 elementor-widget elementor-widget-heading\" data-id=\"6497056\" data-element_type=\"widget\" data-widget_type=\"heading.default\">\n\t\t\t\t<div class=\"elementor-widget-container\">\n\t\t\t<h2 class=\"elementor-heading-title elementor-size-default\">IDSS Ano 2024<\/h2>\t\t<\/div>\n\t\t\t\t<\/div>\n\t\t\t\t\t<\/div>\n\t\t<\/div>\n\t\t\t\t<div data-ha-element-link=\"{&quot;url&quot;:&quot;https:\\\/\\\/www.cemeru.com.br\\\/novosite\\\/documentos\\\/programa-de-qualificacao\\\/idss-2023-ano-base-2022\\\/&quot;,&quot;is_external&quot;:&quot;&quot;,&quot;nofollow&quot;:&quot;&quot;}\" style=\"cursor: pointer\" class=\"elementor-column elementor-col-33 elementor-inner-column elementor-element elementor-element-b81bc59\" data-id=\"b81bc59\" data-element_type=\"column\" data-settings=\"{&quot;background_background&quot;:&quot;classic&quot;}\">\n\t\t\t<div class=\"elementor-widget-wrap elementor-element-populated\">\n\t\t\t\t\t\t<div class=\"elementor-element elementor-element-4dac0a7 elementor-widget elementor-widget-image\" data-id=\"4dac0a7\" data-element_type=\"widget\" data-widget_type=\"image.default\">\n\t\t\t\t<div class=\"elementor-widget-container\">\n\t\t\t\t\t\t\t\t\t\t\t\t\t<img decoding=\"async\" width=\"600\" height=\"203\" src=\"https:\/\/www.cemeru.com.br\/novosite\/wp-content\/uploads\/2024\/01\/IDSS2023.jpg\" class=\"attachment-large size-large wp-image-3522\" alt=\"\" srcset=\"https:\/\/www.cemeru.com.br\/novosite\/wp-content\/uploads\/2024\/01\/IDSS2023.jpg 600w, https:\/\/www.cemeru.com.br\/novosite\/wp-content\/uploads\/2024\/01\/IDSS2023-300x102.jpg 300w\" sizes=\"(max-width: 600px) 100vw, 600px\" \/>\t\t\t\t\t\t\t\t\t\t\t\t\t<\/div>\n\t\t\t\t<\/div>\n\t\t\t\t<div class=\"elementor-element elementor-element-446b756 elementor-widget elementor-widget-heading\" data-id=\"446b756\" data-element_type=\"widget\" data-widget_type=\"heading.default\">\n\t\t\t\t<div class=\"elementor-widget-container\">\n\t\t\t<h2 class=\"elementor-heading-title elementor-size-default\">IDSS Ano 2023<\/h2>\t\t<\/div>\n\t\t\t\t<\/div>\n\t\t\t\t\t<\/div>\n\t\t<\/div>\n\t\t\t\t<div data-ha-element-link=\"{&quot;url&quot;:&quot;https:\\\/\\\/www.cemeru.com.br\\\/novosite\\\/documentos\\\/programa-de-qualificacao\\\/idss-2022-ano-base-2021\\\/&quot;,&quot;is_external&quot;:&quot;&quot;,&quot;nofollow&quot;:&quot;&quot;}\" style=\"cursor: pointer\" class=\"elementor-column elementor-col-33 elementor-inner-column elementor-element elementor-element-5040196\" data-id=\"5040196\" data-element_type=\"column\" data-settings=\"{&quot;background_background&quot;:&quot;classic&quot;}\">\n\t\t\t<div class=\"elementor-widget-wrap elementor-element-populated\">\n\t\t\t\t\t\t<div class=\"elementor-element elementor-element-c941956 elementor-widget elementor-widget-image\" data-id=\"c941956\" data-element_type=\"widget\" data-widget_type=\"image.default\">\n\t\t\t\t<div class=\"elementor-widget-container\">\n\t\t\t\t\t\t\t\t\t\t\t\t\t<img decoding=\"async\" width=\"600\" height=\"200\" src=\"https:\/\/www.cemeru.com.br\/novosite\/wp-content\/uploads\/2023\/05\/IDSS2022.jpg\" class=\"attachment-large size-large wp-image-2542\" alt=\"\" srcset=\"https:\/\/www.cemeru.com.br\/novosite\/wp-content\/uploads\/2023\/05\/IDSS2022.jpg 600w, https:\/\/www.cemeru.com.br\/novosite\/wp-content\/uploads\/2023\/05\/IDSS2022-300x100.jpg 300w\" sizes=\"(max-width: 600px) 100vw, 600px\" \/>\t\t\t\t\t\t\t\t\t\t\t\t\t<\/div>\n\t\t\t\t<\/div>\n\t\t\t\t<div class=\"elementor-element elementor-element-d0afce8 elementor-widget elementor-widget-heading\" data-id=\"d0afce8\" data-element_type=\"widget\" data-widget_type=\"heading.default\">\n\t\t\t\t<div class=\"elementor-widget-container\">\n\t\t\t<h2 class=\"elementor-heading-title elementor-size-default\">IDSS Ano 2022<\/h2>\t\t<\/div>\n\t\t\t\t<\/div>\n\t\t\t\t\t<\/div>\n\t\t<\/div>\n\t\t\t\t\t<\/div>\n\t\t<\/section>\n\t\t\t\t<section class=\"elementor-section elementor-inner-section elementor-element elementor-element-ff4cd57 elementor-section-boxed elementor-section-height-default elementor-section-height-default\" data-id=\"ff4cd57\" data-element_type=\"section\" data-settings=\"{&quot;_ha_eqh_enable&quot;:false}\">\n\t\t\t\t\t\t<div class=\"elementor-container elementor-column-gap-no\">\n\t\t\t\t\t<div data-ha-element-link=\"{&quot;url&quot;:&quot;https:\\\/\\\/www.cemeru.com.br\\\/novosite\\\/documentos\\\/programa-de-qualificacao\\\/idss-2021-ano-base-2020\\\/&quot;,&quot;is_external&quot;:&quot;&quot;,&quot;nofollow&quot;:&quot;&quot;}\" style=\"cursor: pointer\" class=\"elementor-column elementor-col-33 elementor-inner-column elementor-element elementor-element-aa3f39a\" data-id=\"aa3f39a\" data-element_type=\"column\" data-settings=\"{&quot;background_background&quot;:&quot;classic&quot;}\">\n\t\t\t<div class=\"elementor-widget-wrap elementor-element-populated\">\n\t\t\t\t\t\t<div class=\"elementor-element elementor-element-b96f1c6 elementor-widget elementor-widget-image\" data-id=\"b96f1c6\" data-element_type=\"widget\" data-widget_type=\"image.default\">\n\t\t\t\t<div class=\"elementor-widget-container\">\n\t\t\t\t\t\t\t\t\t\t\t\t\t<img loading=\"lazy\" decoding=\"async\" width=\"600\" height=\"200\" src=\"https:\/\/www.cemeru.com.br\/novosite\/wp-content\/uploads\/2023\/05\/IDSS2021.jpg\" class=\"attachment-large size-large wp-image-2541\" alt=\"\" srcset=\"https:\/\/www.cemeru.com.br\/novosite\/wp-content\/uploads\/2023\/05\/IDSS2021.jpg 600w, https:\/\/www.cemeru.com.br\/novosite\/wp-content\/uploads\/2023\/05\/IDSS2021-300x100.jpg 300w\" sizes=\"(max-width: 600px) 100vw, 600px\" \/>\t\t\t\t\t\t\t\t\t\t\t\t\t<\/div>\n\t\t\t\t<\/div>\n\t\t\t\t<div class=\"elementor-element elementor-element-9e41071 elementor-widget elementor-widget-heading\" data-id=\"9e41071\" data-element_type=\"widget\" data-widget_type=\"heading.default\">\n\t\t\t\t<div class=\"elementor-widget-container\">\n\t\t\t<h2 class=\"elementor-heading-title elementor-size-default\">IDSS Ano 2021<\/h2>\t\t<\/div>\n\t\t\t\t<\/div>\n\t\t\t\t\t<\/div>\n\t\t<\/div>\n\t\t\t\t<div data-ha-element-link=\"{&quot;url&quot;:&quot;https:\\\/\\\/www.cemeru.com.br\\\/novosite\\\/documentos\\\/programa-de-qualificacao\\\/idss-2020-ano-base-2019\\\/&quot;,&quot;is_external&quot;:&quot;&quot;,&quot;nofollow&quot;:&quot;&quot;}\" style=\"cursor: pointer\" class=\"elementor-column elementor-col-33 elementor-inner-column elementor-element elementor-element-18e257a\" data-id=\"18e257a\" data-element_type=\"column\" data-settings=\"{&quot;background_background&quot;:&quot;classic&quot;}\">\n\t\t\t<div class=\"elementor-widget-wrap elementor-element-populated\">\n\t\t\t\t\t\t<div class=\"elementor-element elementor-element-951a525 elementor-widget elementor-widget-image\" data-id=\"951a525\" data-element_type=\"widget\" data-widget_type=\"image.default\">\n\t\t\t\t<div class=\"elementor-widget-container\">\n\t\t\t\t\t\t\t\t\t\t\t\t\t<img loading=\"lazy\" decoding=\"async\" width=\"600\" height=\"200\" src=\"https:\/\/www.cemeru.com.br\/novosite\/wp-content\/uploads\/2023\/05\/IDSS2020.jpg\" class=\"attachment-large size-large wp-image-2540\" alt=\"\" srcset=\"https:\/\/www.cemeru.com.br\/novosite\/wp-content\/uploads\/2023\/05\/IDSS2020.jpg 600w, https:\/\/www.cemeru.com.br\/novosite\/wp-content\/uploads\/2023\/05\/IDSS2020-300x100.jpg 300w\" sizes=\"(max-width: 600px) 100vw, 600px\" \/>\t\t\t\t\t\t\t\t\t\t\t\t\t<\/div>\n\t\t\t\t<\/div>\n\t\t\t\t<div class=\"elementor-element elementor-element-7d0495e elementor-widget elementor-widget-heading\" data-id=\"7d0495e\" data-element_type=\"widget\" data-widget_type=\"heading.default\">\n\t\t\t\t<div class=\"elementor-widget-container\">\n\t\t\t<h2 class=\"elementor-heading-title elementor-size-default\">IDSS Ano 2020<\/h2>\t\t<\/div>\n\t\t\t\t<\/div>\n\t\t\t\t\t<\/div>\n\t\t<\/div>\n\t\t\t\t<div data-ha-element-link=\"{&quot;url&quot;:&quot;https:\\\/\\\/www.cemeru.com.br\\\/novosite\\\/documentos\\\/programa-de-qualificacao\\\/idss-2019-ano-base-2018\\\/&quot;,&quot;is_external&quot;:&quot;&quot;,&quot;nofollow&quot;:&quot;&quot;}\" style=\"cursor: pointer\" class=\"elementor-column elementor-col-33 elementor-inner-column elementor-element elementor-element-13d7e2d\" data-id=\"13d7e2d\" data-element_type=\"column\" data-settings=\"{&quot;background_background&quot;:&quot;classic&quot;}\">\n\t\t\t<div class=\"elementor-widget-wrap elementor-element-populated\">\n\t\t\t\t\t\t<div class=\"elementor-element elementor-element-edf831e elementor-widget elementor-widget-image\" data-id=\"edf831e\" data-element_type=\"widget\" data-widget_type=\"image.default\">\n\t\t\t\t<div class=\"elementor-widget-container\">\n\t\t\t\t\t\t\t\t\t\t\t\t\t<img loading=\"lazy\" decoding=\"async\" width=\"600\" height=\"200\" src=\"https:\/\/www.cemeru.com.br\/novosite\/wp-content\/uploads\/2023\/05\/IDSS2019.jpg\" class=\"attachment-large size-large wp-image-2539\" alt=\"\" srcset=\"https:\/\/www.cemeru.com.br\/novosite\/wp-content\/uploads\/2023\/05\/IDSS2019.jpg 600w, https:\/\/www.cemeru.com.br\/novosite\/wp-content\/uploads\/2023\/05\/IDSS2019-300x100.jpg 300w\" sizes=\"(max-width: 600px) 100vw, 600px\" \/>\t\t\t\t\t\t\t\t\t\t\t\t\t<\/div>\n\t\t\t\t<\/div>\n\t\t\t\t<div class=\"elementor-element elementor-element-d614be5 elementor-widget elementor-widget-heading\" data-id=\"d614be5\" data-element_type=\"widget\" data-widget_type=\"heading.default\">\n\t\t\t\t<div class=\"elementor-widget-container\">\n\t\t\t<h2 class=\"elementor-heading-title elementor-size-default\">IDSS Ano 2019<\/h2>\t\t<\/div>\n\t\t\t\t<\/div>\n\t\t\t\t\t<\/div>\n\t\t<\/div>\n\t\t\t\t\t<\/div>\n\t\t<\/section>\n\t\t\t\t<section class=\"elementor-section elementor-inner-section elementor-element elementor-element-4c16dcc elementor-section-boxed elementor-section-height-default elementor-section-height-default\" data-id=\"4c16dcc\" data-element_type=\"section\" data-settings=\"{&quot;_ha_eqh_enable&quot;:false}\">\n\t\t\t\t\t\t<div class=\"elementor-container elementor-column-gap-no\">\n\t\t\t\t\t<div data-ha-element-link=\"{&quot;url&quot;:&quot;https:\\\/\\\/www.cemeru.com.br\\\/novosite\\\/documentos\\\/programa-de-qualificacao\\\/idss-2018-ano-base-2017\\\/&quot;,&quot;is_external&quot;:&quot;&quot;,&quot;nofollow&quot;:&quot;&quot;}\" style=\"cursor: pointer\" class=\"elementor-column elementor-col-33 elementor-inner-column elementor-element elementor-element-495226a\" data-id=\"495226a\" data-element_type=\"column\" data-settings=\"{&quot;background_background&quot;:&quot;classic&quot;}\">\n\t\t\t<div class=\"elementor-widget-wrap elementor-element-populated\">\n\t\t\t\t\t\t<div class=\"elementor-element elementor-element-77d652b elementor-widget elementor-widget-image\" data-id=\"77d652b\" data-element_type=\"widget\" data-widget_type=\"image.default\">\n\t\t\t\t<div class=\"elementor-widget-container\">\n\t\t\t\t\t\t\t\t\t\t\t\t\t<img loading=\"lazy\" decoding=\"async\" width=\"600\" height=\"200\" src=\"https:\/\/www.cemeru.com.br\/novosite\/wp-content\/uploads\/2023\/05\/IDSS2018.jpg\" class=\"attachment-large size-large wp-image-2538\" alt=\"\" srcset=\"https:\/\/www.cemeru.com.br\/novosite\/wp-content\/uploads\/2023\/05\/IDSS2018.jpg 600w, https:\/\/www.cemeru.com.br\/novosite\/wp-content\/uploads\/2023\/05\/IDSS2018-300x100.jpg 300w\" sizes=\"(max-width: 600px) 100vw, 600px\" \/>\t\t\t\t\t\t\t\t\t\t\t\t\t<\/div>\n\t\t\t\t<\/div>\n\t\t\t\t<div class=\"elementor-element elementor-element-901f775 elementor-widget elementor-widget-heading\" data-id=\"901f775\" data-element_type=\"widget\" data-widget_type=\"heading.default\">\n\t\t\t\t<div class=\"elementor-widget-container\">\n\t\t\t<h2 class=\"elementor-heading-title elementor-size-default\">IDSS Ano 2018<\/h2>\t\t<\/div>\n\t\t\t\t<\/div>\n\t\t\t\t\t<\/div>\n\t\t<\/div>\n\t\t\t\t<div class=\"elementor-column elementor-col-33 elementor-inner-column elementor-element elementor-element-a59b532\" data-id=\"a59b532\" data-element_type=\"column\" data-settings=\"{&quot;background_background&quot;:&quot;classic&quot;}\">\n\t\t\t<div class=\"elementor-widget-wrap\">\n\t\t\t\t\t\t\t<\/div>\n\t\t<\/div>\n\t\t\t\t<div class=\"elementor-column elementor-col-33 elementor-inner-column elementor-element elementor-element-079b2e2\" data-id=\"079b2e2\" data-element_type=\"column\" data-settings=\"{&quot;background_background&quot;:&quot;classic&quot;}\">\n\t\t\t<div class=\"elementor-widget-wrap\">\n\t\t\t\t\t\t\t<\/div>\n\t\t<\/div>\n\t\t\t\t\t<\/div>\n\t\t<\/section>\n\t\t\t\t\t<\/div>\n\t\t<\/div>\n\t\t\t\t\t<\/div>\n\t\t<\/section>\n\t\t\t\t<\/div>\n\t\t","protected":false},"excerpt":{"rendered":"<p>IDSS O Programa de Qualifica\u00e7\u00e3o de Operadoras (PQO) \u00e9 uma inciativa desenvolvida pela Ag\u00eancia Nacional de Sa\u00fade Suplementar (ANS) para avali\u00e7\u00e3o anual do desempenho das operadoras de planos de sa\u00fade. Tem como objetivos o est\u00edmulo da qualidade setorial e a redu\u00e7\u00e3o da assimetria de informa\u00e7\u00e3o, promovendo maior poder de escolha para o benefici\u00e1rio e oferecendo &hellip;<\/p>\n<p class=\"read-more\"> <a class=\"\" href=\"https:\/\/www.cemeru.com.br\/novosite\/documentos\/programa-de-qualificacao\/\"> <span class=\"screen-reader-text\">Programa de Qualifica\u00e7\u00e3o<\/span> Leia mais &raquo;<\/a><\/p>\n","protected":false},"author":3,"featured_media":0,"parent":1388,"menu_order":0,"comment_status":"closed","ping_status":"closed","template":"","meta":{"site-sidebar-layout":"no-sidebar","site-content-layout":"page-builder","ast-site-content-layout":"","site-content-style":"default","site-sidebar-style":"default","ast-global-header-display":"","ast-banner-title-visibility":"","ast-main-header-display":"","ast-hfb-above-header-display":"","ast-hfb-below-header-display":"","ast-hfb-mobile-header-display":"","site-post-title":"disabled","ast-breadcrumbs-content":"","ast-featured-img":"disabled","footer-sml-layout":"","theme-transparent-header-meta":"","adv-header-id-meta":"","stick-header-meta":"","header-above-stick-meta":"","header-main-stick-meta":"","header-below-stick-meta":"","astra-migrate-meta-layouts":"","footnotes":""},"class_list":["post-1445","page","type-page","status-publish","hentry"],"jetpack_sharing_enabled":true,"_links":{"self":[{"href":"https:\/\/www.cemeru.com.br\/novosite\/wp-json\/wp\/v2\/pages\/1445","targetHints":{"allow":["GET"]}}],"collection":[{"href":"https:\/\/www.cemeru.com.br\/novosite\/wp-json\/wp\/v2\/pages"}],"about":[{"href":"https:\/\/www.cemeru.com.br\/novosite\/wp-json\/wp\/v2\/types\/page"}],"author":[{"embeddable":true,"href":"https:\/\/www.cemeru.com.br\/novosite\/wp-json\/wp\/v2\/users\/3"}],"replies":[{"embeddable":true,"href":"https:\/\/www.cemeru.com.br\/novosite\/wp-json\/wp\/v2\/comments?post=1445"}],"version-history":[{"count":15,"href":"https:\/\/www.cemeru.com.br\/novosite\/wp-json\/wp\/v2\/pages\/1445\/revisions"}],"predecessor-version":[{"id":3969,"href":"https:\/\/www.cemeru.com.br\/novosite\/wp-json\/wp\/v2\/pages\/1445\/revisions\/3969"}],"up":[{"embeddable":true,"href":"https:\/\/www.cemeru.com.br\/novosite\/wp-json\/wp\/v2\/pages\/1388"}],"wp:attachment":[{"href":"https:\/\/www.cemeru.com.br\/novosite\/wp-json\/wp\/v2\/media?parent=1445"}],"curies":[{"name":"wp","href":"https:\/\/api.w.org\/{rel}","templated":true}]}}