{"id":3533,"date":"2024-02-15T16:50:18","date_gmt":"2024-02-15T19:50:18","guid":{"rendered":"https:\/\/www.cemeru.com.br\/novosite\/?page_id=3533"},"modified":"2024-02-15T16:59:24","modified_gmt":"2024-02-15T19:59:24","slug":"medicina-preventiva","status":"publish","type":"page","link":"https:\/\/www.cemeru.com.br\/novosite\/medicina-preventiva\/","title":{"rendered":"Medicina Preventiva e Aten\u00e7\u00e3o Prim\u00e1ria \u00e0 sa\u00fade"},"content":{"rendered":"\t\t<div data-elementor-type=\"wp-page\" data-elementor-id=\"3533\" class=\"elementor elementor-3533\" data-elementor-settings=\"{&quot;ha_cmc_init_switcher&quot;:&quot;no&quot;}\" data-elementor-post-type=\"page\">\n\t\t\t\t\t\t<section class=\"elementor-section elementor-top-section elementor-element elementor-element-de53c35 elementor-section-boxed elementor-section-height-default elementor-section-height-default\" data-id=\"de53c35\" data-element_type=\"section\" data-settings=\"{&quot;_ha_eqh_enable&quot;:false}\">\n\t\t\t\t\t\t<div class=\"elementor-container elementor-column-gap-default\">\n\t\t\t\t\t<div class=\"elementor-column elementor-col-50 elementor-top-column elementor-element elementor-element-0d45c15\" data-id=\"0d45c15\" data-element_type=\"column\">\n\t\t\t<div class=\"elementor-widget-wrap elementor-element-populated\">\n\t\t\t\t\t\t<div class=\"elementor-element elementor-element-9a4debe elementor-widget elementor-widget-text-editor\" data-id=\"9a4debe\" data-element_type=\"widget\" data-widget_type=\"text-editor.default\">\n\t\t\t\t<div class=\"elementor-widget-container\">\n\t\t\t\t\t\t\t<p>A Sa\u00fade Preventiva consiste na precau\u00e7\u00e3o de les\u00f5es ou doen\u00e7as por meio de a\u00e7\u00f5es antecipadas, em vez de cur\u00e1-las ou tratar os seus sintomas.<\/p><p>Tem como objetivo melhorar a qualidade de vida dos usu\u00e1rios e o foco \u00e9 a antecipa\u00e7\u00e3o da doen\u00e7a ou o diagn\u00f3stico precoce da enfermidade, proporcionando a agilidade no tratamento.<\/p><p>A Medicina Preventiva altera o conceito amplo de doen\u00e7a e revela o termo Sa\u00fade. Al\u00e9m de melhorar a qualidade de vida dos pacientes, a medicina preventiva contribui para a redu\u00e7\u00e3o de sinistralidade com tratamento de doen\u00e7as.<\/p><p>Os profissionais da Medicina Preventiva realizam consultas de rotina, exames preventivos, promovem campanhas de conscientiza\u00e7\u00e3o, palestras, cursos, grupos e monitoram a sa\u00fade dos pacientes.<\/p><p><br \/>Com o avan\u00e7o dos tratamentos em Medicina Preventiva, as literaturas atuais classificam-se em est\u00e1gios de Cuidados, como explicado abaixo.<\/p><p>As estrat\u00e9gias dos Cuidados em Medicina Preventiva X APS s\u00e3o divididas em quatro est\u00e1gios:<\/p><p>\u00a0<\/p><p>I. Prim\u00e1rio: prevenir a doen\u00e7a antes que ela possa se desenvolver. &#8211; APS<\/p><p>II. Secund\u00e1rio: diagn\u00f3sticos precoces com o objetivo tratar a doen\u00e7a ainda no est\u00e1gio inicial. &#8211; APS<\/p><p>III. Terci\u00e1rio: procedimentos para diminuir os sintomas e complica\u00e7\u00f5es da doen\u00e7a. &#8211; Medicina Preventiva.<\/p><p>IV. Quatern\u00e1rio: m\u00e9todos para minimizar os efeitos colaterais de procedimentos considerados excessivos e at\u00e9 mesmo evitar a realiza\u00e7\u00e3o deles nos sistemas de sa\u00fade mais avan\u00e7ado. &#8211; Medicina Preventiva.<\/p>\t\t\t\t\t\t<\/div>\n\t\t\t\t<\/div>\n\t\t\t\t\t<\/div>\n\t\t<\/div>\n\t\t\t\t<div class=\"elementor-column elementor-col-50 elementor-top-column elementor-element elementor-element-0296b86\" data-id=\"0296b86\" data-element_type=\"column\">\n\t\t\t<div class=\"elementor-widget-wrap\">\n\t\t\t\t\t\t\t<\/div>\n\t\t<\/div>\n\t\t\t\t\t<\/div>\n\t\t<\/section>\n\t\t\t\t<\/div>\n\t\t","protected":false},"excerpt":{"rendered":"<p>A Sa\u00fade Preventiva consiste na precau\u00e7\u00e3o de les\u00f5es ou doen\u00e7as por meio de a\u00e7\u00f5es antecipadas, em vez de cur\u00e1-las ou tratar os seus sintomas. Tem como objetivo melhorar a qualidade de vida dos usu\u00e1rios e o foco \u00e9 a antecipa\u00e7\u00e3o da doen\u00e7a ou o diagn\u00f3stico precoce da enfermidade, proporcionando a agilidade no tratamento. A Medicina &hellip;<\/p>\n<p class=\"read-more\"> <a class=\"\" href=\"https:\/\/www.cemeru.com.br\/novosite\/medicina-preventiva\/\"> <span class=\"screen-reader-text\">Medicina Preventiva e Aten\u00e7\u00e3o Prim\u00e1ria \u00e0 sa\u00fade<\/span> Leia mais &raquo;<\/a><\/p>\n","protected":false},"author":3,"featured_media":0,"parent":0,"menu_order":0,"comment_status":"closed","ping_status":"closed","template":"","meta":{"site-sidebar-layout":"no-sidebar","site-content-layout":"page-builder","ast-site-content-layout":"default","site-content-style":"default","site-sidebar-style":"default","ast-global-header-display":"","ast-banner-title-visibility":"","ast-main-header-display":"","ast-hfb-above-header-display":"","ast-hfb-below-header-display":"","ast-hfb-mobile-header-display":"","site-post-title":"disabled","ast-breadcrumbs-content":"","ast-featured-img":"disabled","footer-sml-layout":"","theme-transparent-header-meta":"","adv-header-id-meta":"","stick-header-meta":"","header-above-stick-meta":"","header-main-stick-meta":"","header-below-stick-meta":"","astra-migrate-meta-layouts":"set","footnotes":""},"class_list":["post-3533","page","type-page","status-publish","hentry"],"jetpack_sharing_enabled":true,"_links":{"self":[{"href":"https:\/\/www.cemeru.com.br\/novosite\/wp-json\/wp\/v2\/pages\/3533","targetHints":{"allow":["GET"]}}],"collection":[{"href":"https:\/\/www.cemeru.com.br\/novosite\/wp-json\/wp\/v2\/pages"}],"about":[{"href":"https:\/\/www.cemeru.com.br\/novosite\/wp-json\/wp\/v2\/types\/page"}],"author":[{"embeddable":true,"href":"https:\/\/www.cemeru.com.br\/novosite\/wp-json\/wp\/v2\/users\/3"}],"replies":[{"embeddable":true,"href":"https:\/\/www.cemeru.com.br\/novosite\/wp-json\/wp\/v2\/comments?post=3533"}],"version-history":[{"count":10,"href":"https:\/\/www.cemeru.com.br\/novosite\/wp-json\/wp\/v2\/pages\/3533\/revisions"}],"predecessor-version":[{"id":3546,"href":"https:\/\/www.cemeru.com.br\/novosite\/wp-json\/wp\/v2\/pages\/3533\/revisions\/3546"}],"wp:attachment":[{"href":"https:\/\/www.cemeru.com.br\/novosite\/wp-json\/wp\/v2\/media?parent=3533"}],"curies":[{"name":"wp","href":"https:\/\/api.w.org\/{rel}","templated":true}]}}