{"id":3649,"date":"2024-03-19T16:39:07","date_gmt":"2024-03-19T19:39:07","guid":{"rendered":"https:\/\/www.cemeru.com.br\/novosite\/?page_id=3649"},"modified":"2024-03-19T18:07:19","modified_gmt":"2024-03-19T21:07:19","slug":"valores-de-franquia","status":"publish","type":"page","link":"https:\/\/www.cemeru.com.br\/novosite\/documentos\/valores-de-franquia\/","title":{"rendered":"Valores de Franquia"},"content":{"rendered":"\t\t<div data-elementor-type=\"wp-page\" data-elementor-id=\"3649\" class=\"elementor elementor-3649\" data-elementor-settings=\"{&quot;ha_cmc_init_switcher&quot;:&quot;no&quot;}\" data-elementor-post-type=\"page\">\n\t\t\t\t\t\t<section class=\"elementor-section elementor-top-section elementor-element elementor-element-7687950 elementor-section-full_width elementor-section-height-default elementor-section-height-default\" data-id=\"7687950\" data-element_type=\"section\" data-settings=\"{&quot;background_background&quot;:&quot;classic&quot;,&quot;_ha_eqh_enable&quot;:false}\">\n\t\t\t\t\t\t<div class=\"elementor-container elementor-column-gap-default\">\n\t\t\t\t\t<div class=\"elementor-column elementor-col-100 elementor-top-column elementor-element elementor-element-8c7d872\" data-id=\"8c7d872\" data-element_type=\"column\">\n\t\t\t<div class=\"elementor-widget-wrap elementor-element-populated\">\n\t\t\t\t\t\t\t<\/div>\n\t\t<\/div>\n\t\t\t\t\t<\/div>\n\t\t<\/section>\n\t\t\t\t<section class=\"elementor-section elementor-top-section elementor-element elementor-element-d9d9a32 elementor-section-boxed elementor-section-height-default elementor-section-height-default\" data-id=\"d9d9a32\" data-element_type=\"section\" data-settings=\"{&quot;_ha_eqh_enable&quot;:false}\">\n\t\t\t\t\t\t<div class=\"elementor-container elementor-column-gap-default\">\n\t\t\t\t\t<div class=\"elementor-column elementor-col-100 elementor-top-column elementor-element elementor-element-824bcde\" data-id=\"824bcde\" data-element_type=\"column\">\n\t\t\t<div class=\"elementor-widget-wrap elementor-element-populated\">\n\t\t\t\t\t\t<div class=\"elementor-element elementor-element-f083ae8 elementor-widget elementor-widget-heading\" data-id=\"f083ae8\" data-element_type=\"widget\" data-widget_type=\"heading.default\">\n\t\t\t\t<div class=\"elementor-widget-container\">\n\t\t\t<h2 class=\"elementor-heading-title elementor-size-default\">TABELA DE FRANQUIA - TERAPIAS MULTIDISCIPLINARES<\/h2>\t\t<\/div>\n\t\t\t\t<\/div>\n\t\t\t\t<div class=\"elementor-element elementor-element-f0adb5d ha-enable-pagination-yes elementor-widget elementor-widget-ha-advanced-data-table happy-addon ha-advanced-data-table happy-addon-pro\" data-id=\"f0adb5d\" data-element_type=\"widget\" data-widget_type=\"ha-advanced-data-table.default\">\n\t\t\t\t<div class=\"elementor-widget-container\">\n\t\t\t\n\t\t<table class=\"ha-advanced-table\" data-widget-id=\"f0adb5d\" data-search=\"false\" data-paging=\"true\">\n\t\t\t<thead class=\"ha-advanced-table__head\">\n\t\t\t\t<tr class=\"ha-advanced-table__head-column\">\n\t\t\t\t\t\t\t\t\t\t\t<th class=\"ha-advanced-table__head-column-cell\">C\u00d3DIGO<\/th>\n\t\t\t\t\t\t\t\t\t\t\t<th class=\"ha-advanced-table__head-column-cell\">EVENTOS<\/th>\n\t\t\t\t\t\t\t\t\t\t\t<th class=\"ha-advanced-table__head-column-cell\"> FRANQUIA<\/th>\n\t\t\t\t\t\t\t\t\t<\/tr>\n\t\t\t<\/thead>\n\n\t\t\t<tbody class=\"ha-advanced-table__body\">\n\t\t\t\t\t\t\t\t\t<tr class=\"ha-advanced-table__body-row\">\n\t\t\t\t\t\t\t\t\t\t\t\t\t<td class=\"ha-advanced-table__body-row-cell\">50000144<\/td>\n\t\t\t\t\t\t\t\t\t\t\t\t\t<td class=\"ha-advanced-table__body-row-cell\">Avalia\u00e7\u00e3o de Fisioterapia<\/td>\n\t\t\t\t\t\t\t\t\t\t\t\t\t<td class=\"ha-advanced-table__body-row-cell\"> R$ 10 <\/td>\n\t\t\t\t\t\t\t\t\t\t\t<\/tr>\n\t\t\t\t\t\t\t\t\t<tr class=\"ha-advanced-table__body-row\">\n\t\t\t\t\t\t\t\t\t\t\t\t\t<td class=\"ha-advanced-table__body-row-cell\">50000144<\/td>\n\t\t\t\t\t\t\t\t\t\t\t\t\t<td class=\"ha-advanced-table__body-row-cell\">Fisioterapia<\/td>\n\t\t\t\t\t\t\t\t\t\t\t\t\t<td class=\"ha-advanced-table__body-row-cell\"> R$ 10 <\/td>\n\t\t\t\t\t\t\t\t\t\t\t<\/tr>\n\t\t\t\t\t\t\t\t\t<tr class=\"ha-advanced-table__body-row\">\n\t\t\t\t\t\t\t\t\t\t\t\t\t<td class=\"ha-advanced-table__body-row-cell\">50000489<\/td>\n\t\t\t\t\t\t\t\t\t\t\t\t\t<td class=\"ha-advanced-table__body-row-cell\">Sess\u00e3o de Psicologia em grupo<\/td>\n\t\t\t\t\t\t\t\t\t\t\t\t\t<td class=\"ha-advanced-table__body-row-cell\"> R$ 15 <\/td>\n\t\t\t\t\t\t\t\t\t\t\t<\/tr>\n\t\t\t\t\t\t\t\t\t<tr class=\"ha-advanced-table__body-row\">\n\t\t\t\t\t\t\t\t\t\t\t\t\t<td class=\"ha-advanced-table__body-row-cell\">50000560<\/td>\n\t\t\t\t\t\t\t\t\t\t\t\t\t<td class=\"ha-advanced-table__body-row-cell\">Sess\u00f5es ambulatoriais por nutricionista<\/td>\n\t\t\t\t\t\t\t\t\t\t\t\t\t<td class=\"ha-advanced-table__body-row-cell\"> R$ 30 <\/td>\n\t\t\t\t\t\t\t\t\t\t\t<\/tr>\n\t\t\t\t\t\t\t\t\t<tr class=\"ha-advanced-table__body-row\">\n\t\t\t\t\t\t\t\t\t\t\t\t\t<td class=\"ha-advanced-table__body-row-cell\">50000462<\/td>\n\t\t\t\t\t\t\t\t\t\t\t\t\t<td class=\"ha-advanced-table__body-row-cell\">Avalia\u00e7\u00e3o ambulatorial em Psicologia<\/td>\n\t\t\t\t\t\t\t\t\t\t\t\t\t<td class=\"ha-advanced-table__body-row-cell\"> R$ 30 <\/td>\n\t\t\t\t\t\t\t\t\t\t\t<\/tr>\n\t\t\t\t\t\t\t\t\t<tr class=\"ha-advanced-table__body-row\">\n\t\t\t\t\t\t\t\t\t\t\t\t\t<td class=\"ha-advanced-table__body-row-cell\">50000470<\/td>\n\t\t\t\t\t\t\t\t\t\t\t\t\t<td class=\"ha-advanced-table__body-row-cell\">Sess\u00e3o de psicoterapia individual por psic\u00f3logo<\/td>\n\t\t\t\t\t\t\t\t\t\t\t\t\t<td class=\"ha-advanced-table__body-row-cell\"> R$ 30 <\/td>\n\t\t\t\t\t\t\t\t\t\t\t<\/tr>\n\t\t\t\t\t\t\t\t\t<tr class=\"ha-advanced-table__body-row\">\n\t\t\t\t\t\t\t\t\t\t\t\t\t<td class=\"ha-advanced-table__body-row-cell\">50000640<\/td>\n\t\t\t\t\t\t\t\t\t\t\t\t\t<td class=\"ha-advanced-table__body-row-cell\">Fonoaudiologia<\/td>\n\t\t\t\t\t\t\t\t\t\t\t\t\t<td class=\"ha-advanced-table__body-row-cell\"> R$ 30 <\/td>\n\t\t\t\t\t\t\t\t\t\t\t<\/tr>\n\t\t\t\t\t\t\t\t\t<tr class=\"ha-advanced-table__body-row\">\n\t\t\t\t\t\t\t\t\t\t\t\t\t<td class=\"ha-advanced-table__body-row-cell\">50000012<\/td>\n\t\t\t\t\t\t\t\t\t\t\t\t\t<td class=\"ha-advanced-table__body-row-cell\">Psicomotricidade<\/td>\n\t\t\t\t\t\t\t\t\t\t\t\t\t<td class=\"ha-advanced-table__body-row-cell\"> R$ 30 <\/td>\n\t\t\t\t\t\t\t\t\t\t\t<\/tr>\n\t\t\t\t\t\t\t\t\t<tr class=\"ha-advanced-table__body-row\">\n\t\t\t\t\t\t\t\t\t\t\t\t\t<td class=\"ha-advanced-table__body-row-cell\">50000586<\/td>\n\t\t\t\t\t\t\t\t\t\t\t\t\t<td class=\"ha-advanced-table__body-row-cell\">Avalia\u00e7\u00e3o de Fonoaudiologia<\/td>\n\t\t\t\t\t\t\t\t\t\t\t\t\t<td class=\"ha-advanced-table__body-row-cell\"> R$ 30 <\/td>\n\t\t\t\t\t\t\t\t\t\t\t<\/tr>\n\t\t\t\t\t\t\t\t\t<tr class=\"ha-advanced-table__body-row\">\n\t\t\t\t\t\t\t\t\t\t\t\t\t<td class=\"ha-advanced-table__body-row-cell\">50000055<\/td>\n\t\t\t\t\t\t\t\t\t\t\t\t\t<td class=\"ha-advanced-table__body-row-cell\">Avalia\u00e7\u00e3o - Terapia Ocupacional<\/td>\n\t\t\t\t\t\t\t\t\t\t\t\t\t<td class=\"ha-advanced-table__body-row-cell\"> R$ 30 <\/td>\n\t\t\t\t\t\t\t\t\t\t\t<\/tr>\n\t\t\t\t\t\t\t\t\t<tr class=\"ha-advanced-table__body-row\">\n\t\t\t\t\t\t\t\t\t\t\t\t\t<td class=\"ha-advanced-table__body-row-cell\">50000080<\/td>\n\t\t\t\t\t\t\t\t\t\t\t\t\t<td class=\"ha-advanced-table__body-row-cell\">Sess\u00e3o  - Terapia Ocupacional<\/td>\n\t\t\t\t\t\t\t\t\t\t\t\t\t<td class=\"ha-advanced-table__body-row-cell\"> R$ 30 <\/td>\n\t\t\t\t\t\t\t\t\t\t\t<\/tr>\n\t\t\t\t\t\t\t\t\t<tr class=\"ha-advanced-table__body-row\">\n\t\t\t\t\t\t\t\t\t\t\t\t\t<td class=\"ha-advanced-table__body-row-cell\">98005189<\/td>\n\t\t\t\t\t\t\t\t\t\t\t\t\t<td class=\"ha-advanced-table__body-row-cell\">Fonoaudiologia em Cabine - Sess\u00e3o<\/td>\n\t\t\t\t\t\t\t\t\t\t\t\t\t<td class=\"ha-advanced-table__body-row-cell\"> R$ 50 <\/td>\n\t\t\t\t\t\t\t\t\t\t\t<\/tr>\n\t\t\t\t\t\t\t\t\t<tr class=\"ha-advanced-table__body-row\">\n\t\t\t\t\t\t\t\t\t\t\t\t\t<td class=\"ha-advanced-table__body-row-cell\">98000055<\/td>\n\t\t\t\t\t\t\t\t\t\t\t\t\t<td class=\"ha-advanced-table__body-row-cell\">INTEGRA\u00c7\u00c3O SENSORIAL<\/td>\n\t\t\t\t\t\t\t\t\t\t\t\t\t<td class=\"ha-advanced-table__body-row-cell\"> R$ 80 <\/td>\n\t\t\t\t\t\t\t\t\t\t\t<\/tr>\n\t\t\t\t\t\t\t\t\t<tr class=\"ha-advanced-table__body-row\">\n\t\t\t\t\t\t\t\t\t\t\t\t\t<td class=\"ha-advanced-table__body-row-cell\">98005103<\/td>\n\t\t\t\t\t\t\t\t\t\t\t\t\t<td class=\"ha-advanced-table__body-row-cell\">M\u00c9TODO ABA \u2013 SESS\u00c3O<\/td>\n\t\t\t\t\t\t\t\t\t\t\t\t\t<td class=\"ha-advanced-table__body-row-cell\"> R$ 80 <\/td>\n\t\t\t\t\t\t\t\t\t\t\t<\/tr>\n\t\t\t\t\t\t\t\t\t<tr class=\"ha-advanced-table__body-row\">\n\t\t\t\t\t\t\t\t\t\t\t\t\t<td class=\"ha-advanced-table__body-row-cell\">98500012<\/td>\n\t\t\t\t\t\t\t\t\t\t\t\t\t<td class=\"ha-advanced-table__body-row-cell\">MUSICOTERAPIA<\/td>\n\t\t\t\t\t\t\t\t\t\t\t\t\t<td class=\"ha-advanced-table__body-row-cell\"> R$ 90 <\/td>\n\t\t\t\t\t\t\t\t\t\t\t<\/tr>\n\t\t\t\t\t\t\t\t\t<tr class=\"ha-advanced-table__body-row\">\n\t\t\t\t\t\t\t\t\t\t\t\t\t<td class=\"ha-advanced-table__body-row-cell\">50000837<\/td>\n\t\t\t\t\t\t\t\t\t\t\t\t\t<td class=\"ha-advanced-table__body-row-cell\">HIDROTERAPIA<\/td>\n\t\t\t\t\t\t\t\t\t\t\t\t\t<td class=\"ha-advanced-table__body-row-cell\"> R$ 90 <\/td>\n\t\t\t\t\t\t\t\t\t\t\t<\/tr>\n\t\t\t\t\t\t\t\t\t<tr class=\"ha-advanced-table__body-row\">\n\t\t\t\t\t\t\t\t\t\t\t\t\t<td class=\"ha-advanced-table__body-row-cell\">98106993<\/td>\n\t\t\t\t\t\t\t\t\t\t\t\t\t<td class=\"ha-advanced-table__body-row-cell\">EQUOTERAPIA<\/td>\n\t\t\t\t\t\t\t\t\t\t\t\t\t<td class=\"ha-advanced-table__body-row-cell\"> R$ 250 <\/td>\n\t\t\t\t\t\t\t\t\t\t\t<\/tr>\n\t\t\t\t\t\t\t\t\t<tr class=\"ha-advanced-table__body-row\">\n\t\t\t\t\t\t\t\t\t\t\t\t\t<td class=\"ha-advanced-table__body-row-cell\">98000462<\/td>\n\t\t\t\t\t\t\t\t\t\t\t\t\t<td class=\"ha-advanced-table__body-row-cell\">Neuropsicologia - Avalia\u00e7\u00e3o e Sess\u00f5es<\/td>\n\t\t\t\t\t\t\t\t\t\t\t\t\t<td class=\"ha-advanced-table__body-row-cell\"> R$ 600 <\/td>\n\t\t\t\t\t\t\t\t\t\t\t<\/tr>\n\t\t\t\t\t\t\t<\/tbody>\n\t\t<\/table>\n\n\t\t\t\t<\/div>\n\t\t\t\t<\/div>\n\t\t\t\t\t<\/div>\n\t\t<\/div>\n\t\t\t\t\t<\/div>\n\t\t<\/section>\n\t\t\t\t<\/div>\n\t\t","protected":false},"excerpt":{"rendered":"<p>TABELA DE FRANQUIA &#8211; TERAPIAS MULTIDISCIPLINARES C\u00d3DIGO EVENTOS FRANQUIA 50000144 Avalia\u00e7\u00e3o de Fisioterapia R$ 10 50000144 Fisioterapia R$ 10 50000489 Sess\u00e3o de Psicologia em grupo R$ 15 50000560 Sess\u00f5es ambulatoriais por nutricionista R$ 30 50000462 Avalia\u00e7\u00e3o ambulatorial em Psicologia R$ 30 50000470 Sess\u00e3o de psicoterapia individual por psic\u00f3logo R$ 30 50000640 Fonoaudiologia R$ 30 50000012 &hellip;<\/p>\n<p class=\"read-more\"> <a class=\"\" href=\"https:\/\/www.cemeru.com.br\/novosite\/documentos\/valores-de-franquia\/\"> <span class=\"screen-reader-text\">Valores de Franquia<\/span> Leia mais &raquo;<\/a><\/p>\n","protected":false},"author":3,"featured_media":0,"parent":1388,"menu_order":0,"comment_status":"closed","ping_status":"closed","template":"","meta":{"site-sidebar-layout":"no-sidebar","site-content-layout":"page-builder","ast-site-content-layout":"default","site-content-style":"default","site-sidebar-style":"default","ast-global-header-display":"","ast-banner-title-visibility":"","ast-main-header-display":"","ast-hfb-above-header-display":"","ast-hfb-below-header-display":"","ast-hfb-mobile-header-display":"","site-post-title":"disabled","ast-breadcrumbs-content":"","ast-featured-img":"disabled","footer-sml-layout":"","theme-transparent-header-meta":"","adv-header-id-meta":"","stick-header-meta":"","header-above-stick-meta":"","header-main-stick-meta":"","header-below-stick-meta":"","astra-migrate-meta-layouts":"set","footnotes":""},"class_list":["post-3649","page","type-page","status-publish","hentry"],"jetpack_sharing_enabled":true,"_links":{"self":[{"href":"https:\/\/www.cemeru.com.br\/novosite\/wp-json\/wp\/v2\/pages\/3649","targetHints":{"allow":["GET"]}}],"collection":[{"href":"https:\/\/www.cemeru.com.br\/novosite\/wp-json\/wp\/v2\/pages"}],"about":[{"href":"https:\/\/www.cemeru.com.br\/novosite\/wp-json\/wp\/v2\/types\/page"}],"author":[{"embeddable":true,"href":"https:\/\/www.cemeru.com.br\/novosite\/wp-json\/wp\/v2\/users\/3"}],"replies":[{"embeddable":true,"href":"https:\/\/www.cemeru.com.br\/novosite\/wp-json\/wp\/v2\/comments?post=3649"}],"version-history":[{"count":43,"href":"https:\/\/www.cemeru.com.br\/novosite\/wp-json\/wp\/v2\/pages\/3649\/revisions"}],"predecessor-version":[{"id":3705,"href":"https:\/\/www.cemeru.com.br\/novosite\/wp-json\/wp\/v2\/pages\/3649\/revisions\/3705"}],"up":[{"embeddable":true,"href":"https:\/\/www.cemeru.com.br\/novosite\/wp-json\/wp\/v2\/pages\/1388"}],"wp:attachment":[{"href":"https:\/\/www.cemeru.com.br\/novosite\/wp-json\/wp\/v2\/media?parent=3649"}],"curies":[{"name":"wp","href":"https:\/\/api.w.org\/{rel}","templated":true}]}}